True
Is 12479587 prime?
True
Is 10481749 a composite number?
True
Is 540681017 composite?
True
Is 153396193 composite?
True
Is 13149485 composite?
True
Is 2448157 composite?
False
Is 307183259 composite?
False
Is 2251798 composite?
True
Is 5381 a composite number?
False
Is 1499717 composite?
True
Is 233179 a prime number?
False
Is 743657 composite?
False
Is 157221221 prime?
False
Is 842993 composite?
False
Is 7144429 a composite number?
False
Is 1108271 composite?
True
Is 9267337 composite?
True
Is 14338537 a composite number?
False
Is 986198315 a composite number?
True
Is 16832357 a composite number?
True
Is 7364158 a composite number?
True
Is 37387481 a prime number?
False
Is 61261789 composite?
True
Is 96915703 composite?
True
Is 213793 a prime number?
False
Is 354953 prime?
True
Is 17611967 prime?
True
Is 5838163 prime?
True
Is 1939481 a composite number?
False
Is 71272939 a composite number?
False
Is 60196261 composite?
False
Is 36092863 a prime number?
True
Is 7833463 composite?
True
Is 155096573 a composite number?
True
Is 3398407 composite?
False
Is 851312351 a composite number?
False
Is 8124869 a prime number?
True
Is 6016649 prime?
True
Is 804803 prime?
True
Is 882605 a composite number?
True
Is 546341 a prime number?
True
Is 275521 composite?
False
Is 3324371 a composite number?
False
Is 3530027 a composite number?
False
Is 132689 prime?
True
Is 100118243 composite?
False
Is 21587311 composite?
False
Is 36734641 a composite number?
True
Is 79863109 a composite number?
False
Is 459003209 a prime number?
False
Is 1781654335 a composite number?
True
Is 541181 a composite number?
False
Is 451609673 composite?
True
Is 314329 a composite number?
False
Is 60587809 prime?
False
Is 1143119 prime?
False
Is 300242981 composite?
True
Is 3058037 prime?
True
Is 12503831 composite?
False
Is 4198211 a composite number?
False
Is 485387 composite?
True
Is 42275477 a prime number?
True
Is 1726271 a composite number?
True
Is 602281 prime?
False
Is 22866917 composite?
True
Is 331921 prime?
True
Is 101997587 prime?
True
Is 1348103 a prime number?
False
Is 31892173 composite?
False
Is 27822671 a prime number?
False
Is 195024967 composite?
False
Is 13609315 prime?
False
Is 17610517 a prime number?
False
Is 312331 a composite number?
False
Is 76840933 composite?
True
Is 603737 prime?
False
Is 1061699 composite?
False
Is 326531811 a prime number?
False
Is 816317 composite?
False
Is 6171937 a prime number?
False
Is 578720081 prime?
False
Is 3389677 prime?
False
Is 1416931 composite?
False
Is 127743773 composite?
False
Is 16766021 composite?
False
Is 4560433 prime?
False
Is 61780429 prime?
True
Is 7089673 a composite number?
False
Is 94888153 composite?
True
Is 6523331 a prime number?
False
Is 1303909 prime?
False
Is 4247587 a composite number?
True
Is 226725586 composite?
True
Is 633869 a prime number?
False
Is 935093 a prime number?
True
Is 922321 a composite number?
False
Is 66202421 a prime number?
True
Is 337426361 a composite number?
False
Is 5081446 a prime number?
False
Is 1001503 a prime number?
False
Is 24078541 prime?
True
Is 203124071 a prime number?
True
Is 69064978 a composite number?
True
Is 2522209 a composite number?
False
Is 30558379 composite?
False
Is 58401667 a composite number?
False
Is 5956129 a prime number?
True
Is 158894999 prime?
True
Is 27333871 composite?
False
Is 32743507 a prime number?
False
Is 2682037 a prime number?
True
Is 267715517 composite?
False
Is 799361 composite?
False
Is 45563309 a composite number?
True
Is 8911645 a composite number?
True
Is 147035909 a prime number?
False
Is 387071 a composite number?
False
Is 3061879 a prime number?
False
Is 221389 a composite number?
True
Is 1562611 composite?
False
Is 88093435 a composite number?
True
Is 10373899 a prime number?
True
Is 7333594 a prime number?
False
Is 276980057 composite?
False
Is 60321697 prime?
False
Is 835941971 composite?
False
Is 7643177 prime?
False
Is 291799 a composite number?
True
Is 963563 prime?
False
Is 315734119 a composite number?
False
Is 1318753 a composite number?
False
Is 177191569 composite?
False
Is 776357 prime?
True
Is 97063 a composite number?
True
Is 3464909 a prime number?
False
Is 5457589 a composite number?
True
Is 158959 a prime number?
True
Is 2231993 a composite number?
True
Is 3982502 prime?
False
Is 6849659 a prime number?
True
Is 35311 composite?
False
Is 168254209 a prime number?
True
Is 377272157 a composite number?
True
Is 30023009 prime?
False
Is 215928665 prime?
False
Is 47054989 composite?
False
Is 9685217 prime?
False
Is 133332083 prime?
True
Is 4491587 composite?
True
Is 331539809 a prime number?
True
Is 534487 a prime number?
False
Is 20802557 a composite number?
True
Is 262059649 a composite number?
False
Is 1990049 composite?
True
Is 24917537 a composite number?
False
Is 3565531 a composite number?
False
Is 16415669 a composite number?
False
Is 166814105 a composite number?
True
Is 116629585 composite?
True
Is 73803671 prime?
True
Is 25111033 a prime number?
True
Is 48586943 a composite number?
False
Is 985441011 a prime number?
False
Is 13610941 a prime number?
True
Is 767035 prime?
False
Is 3819481 prime?
True
Is 10812499 prime?
True
Is 207607493 a composite number?
False
Is 36934167 composite?
True
Is 64266967 a composite number?
True
Is 18785033 composite?
False
Is 4560373 prime?
True
Is 5591122 composite?
True
Is 362767663 composite?
False
Is 1541171 prime?
True
Is 224688197 a prime number?
True
Is 3221453 a composite number?
False
Is 5033437 a composite number?
False
Is 2008013 prime?
False
Is 491388763 a prime number?
False
Is 1459687 prime?
False
Is 2140819 composite?
True
Is 718617 a composite number?
True
Is 49265311 a prime number?
True
Is 21849671 a prime number?
True
Is 5443917 composite?
True
Is 63318481 a prime number?
True
Is 348534707 prime?
True
Is 2886137 composite?
True
Is 1061282 composite?
True
Is 72610331 composite?
False
Is 329053327 a prime number?
True
Is 22173259 composite?
False
Is 21626359 prime?
True
Is 182801287 a prime number?
True
Is 9114419 prime?
False
Is 39484759 a composite number?
False
Is 38447335 composite?
True
Is 3245201 a composite number?
False
Is 23751913 composite?
False
Is 1977905 a prime number?
False
Is 12775739 a prime number?
True
Is 210097 composite?
False
Is 2546949 prime?
False
Is 1535551 prime?
False
Is 4210919 a composite number?
False
Is 306555263 composite?
True
Is 56427919 prime?
True
Is 9091781 composite?
True
Is 3159547 prime?
False
Is 10335673 composite?
True
Is 1471958 prime?
False
Is 5966579 a prime number?
True
Is 8867717 a composite number?
True
Is 6342619 composite?
True
Is 82221101 composite?
False
Is 4428899 composite?
False
Is 7282981 a composite number?
False
Is 1443053 a prime number?
True
Is 184843679 composite?
True
Is 60394391 composite?
True
Is 970445141 a composite number?
True
Is 523721117 a prime number?
True
Is 4205207 prime?
False
Is 113359397 composite?
False
Is 32212121 a composite number?
True
Is 12808343 a composite number?
True
Is 7868733 a prime number?
False
Is 541459 composite?
True
Is 68251247 a prime number?
False
Is 12822503 composite?
False
Is 486964822 a prime number?
False
Is 19718493 a prime number?
False
Is 16240271 a prime number?
True
Is 1122767 a composite number?
True
Is 8192803 prime?
True
Is 57556943 a composite number?
False
Is 6214737 composite?
True
Is 77053387 composite?
False
Is 75766321 a composite number?
False
Is 1164677 composite?
True
Is 5301497 composite?
False
Is 9218623 prime?
True
Is 18926893 a prime number?
True
Is 232693017 prime?
False
Is 156839779 composite?
False
Is 456061 a prime number?
True
Is 3204797 composite?
True
Is 1608314 a prime number?
False
Is 926273 a composite number?
False
Is 147407993 a prime number?
True
Is 22123093 a prime number?
True
Is 4417591 prime?
True
Is 860239 composite?
False
Is 564769 composite?
True
Is 165477329 composite?
False
Is 3427339 prime?
True
Is 60493579 a composite number?
True
Is 1221057293 a prime number?
True
Is 2853223 a composite number?
True
Is 3127123 prime?
True
Is 2214269 a prime number?
True
Is 30700481 a prime number?
False
Is 1068599 a composite number?
True
Is 269794423 a composite number?
False
Is 2967907 prime?
False
Is 45593623 composite?
F